+ 3337 = g, -36*g + 38*g + t - 6659 = 0. What are the prime factors of g?
2, 13
Let p be (-4)/(-10) + (-18852)/(-20). Suppose -9*k + p + 1343 = 0. Suppose k = 6*l - 4. List the prime factors of l.
43
Suppose r = 1, -22036 = -4*m - 4*r + 2628. List the prime factors of m.
3, 5, 137
Let t = 44489 + -12589. List the prime factors of t.
2, 5, 11, 29
Suppose 0 = -208*w + 1194847 + 1841344 - 1129247. What are the prime factors of w?
2, 3, 191
Let b = 4029 - -402. List the prime factors of b.
3, 7, 211
Suppose 4*k + 58 + 26 = 0. Let m(w) be the first derivative of -5*w**2 - 88*w + 854. List the prime factors of m(k).
2, 61
Let q be (-3240)/(-5) + 7 - 8. Let d = -570 + q. List the prime factors of d.
7, 11
Let q(x) = -18 - 9*x + 6*x**3 + 6*x - x**3 + 12*x + 3*x**2. Let d be q(4). Suppose 2*v - d = 46. List the prime factors of v.
2, 3
Let r be (-44)/(-10) + 70/(-175). List the prime factors of (-6 + r - 5) + 669.
2, 331
Suppose 301747 = 22*n - 216925. List the prime factors of n.
2, 7, 421
Let v(o) = o**2 + 25*o - 28. Let a be v(-26). What are the prime factors of a*2/8*-428?
2, 107
What are the prime factors of (1950/273)/(299975/(-99995) - -3)?
5, 2857
Suppose -5*i - 10*i = -2220. Suppose -a - i = -4*a - 2*k, 0 = 3*k - 6. What are the prime factors of a?
2, 3
Let f be (-62)/(-6) - (-16 + (-147)/(-9)). Suppose -1298 = -f*d + 562. What are the prime factors of d?
2, 3, 31
Suppose 0 = -4*v + c - 0*c - 54, v - 2*c + 10 = 0. Let a be (0 + -7)*2/(-7)*v. Let l = 44 + a. List the prime factors of l.
2
Suppose 2*m - 364 = -3*r, 8*m - 3*m + 4*r - 917 = 0. Let t = m - -13. List the prime factors of t.
2, 3, 11
Suppose -4*v - 8 = 0, 0*v = -3*r + 4*v + 23. Suppose -227 = -r*b - 3*q, -3*b - 48 = -4*b + 2*q. What are the prime factors of b?
2, 23
Let w be ((-92)/(-5))/(5/25). Let b = 54 + w. List the prime factors of b.
2, 73
Let s(z) = 4*z**3 - z**2 - 53*z + 6826. List the prime factors of s(0).
2, 3413
Let h(f) = -182*f + 4. Suppose -14 - 2 = 4*r, r = -4*d. Let t be h(d). Let v = 308 + t. What are the prime factors of v?
2, 5, 13
Suppose 5*t - 50 + 25 = 0, -t = 2*d - 6657. What are the prime factors of d?
2, 1663
Let p = 67 - 63. Suppose -5*b + p = u, 4*u - 4 = -b + 12. Suppose 357 = u*w + 29. What are the prime factors of w?
2, 41
Suppose 0 = -4*r + 3*r - 103. Let i = r + 107. Suppose i*f + 5*f - 1503 = 0. List the prime factors of f.
167
Suppose -3*y - 63882 = -3*u, 4*u - 6324 = 7*y + 78831. What are the prime factors of u?
7, 17, 179
Suppose -4*d - 2*u + 1148 = 0, 2 = -802*u + 801*u. List the prime factors of d.
2, 3
Let t(y) = -2*y**3 - 16*y**2 - 15*y - 5. Let f = 19 - 27. Let c be t(f). Suppose -4*q + 77 = -c. List the prime factors of q.
2, 3
Let w(o) = 4*o + 53. Let m be w(23). Let n = -480 + m. What are the prime factors of n/(-2)*16/20?
2, 67
Let p = 164 - 162. Suppose 0 = p*z + z - 3534. List the prime factors of z.
2, 19, 31
Let i = 1641 + -1018. Let c = i - -312. What are the prime factors of c?
5, 11, 17
Suppose 9*f - 40 = f. Suppose -4*b + f*b = -9. Let g(y) = y**3 + 8*y**2 - 20*y + 4. What are the prime factors of g(b)?
103
Suppose -7105 = -j - f, -4*j + 27*f + 28412 = 29*f. What are the prime factors of j?
3, 263
Let c be 1/(-5) - 4745/25. List the prime factors of (2 - 4) + c*20/(-50).
2, 37
Let s(n) be the first derivative of 2*n**3 + 9*n**2/2 - 17*n - 23. What are the prime factors of s(8)?
439
Suppose -21*x + 26*x - 15 = 0. Suppose 5*l + x*p + p = 8964, 4*l = 2*p + 7166. What are the prime factors of (-40)/(-260) - l/(-13)?
2, 3, 23
Let t(a) = -347*a + 2498. What are the prime factors of t(-26)?
2, 3, 5
Suppose -3*a + 21832 = -3*f - 1037, 22861 = 3*a + f. List the prime factors of a.
7621
Let h be (-1 + 2)*-4*357/(-204). Suppose -38 = h*s - 136. List the prime factors of s.
2, 7
Let p = -139 - -132. Let o(c) = 3*c**2 - c - 3*c + c - 7*c. List the prime factors of o(p).
7, 31
Let k(a) = -a**3 - 3*a**2 + 2*a - 2. Let h be k(-4). Let w = -603 + 940. Suppose -4 = 2*r + h, 0 = 2*x + 3*r - w. What are the prime factors of x?
2, 11
Let z(w) = -w**2 - 17*w - 21. Let k be z(-15). Suppose 0 = 4*l - l - k. List the prime factors of (-1 - -4) + l*17.
2, 3
Let z(i) = -i + 22. Let d be z(14). Let k(j) = -j**3 + 9*j**2 - 9*j + 6. Let w be k(d). List the prime factors of (0 - -101) + w - 0.
3, 11
Let f = 59 - 111. Let v(s) = 54*s - 10. Let o be v(3). Let a = o + f. List the prime factors of a.
2, 5
Let o = 153 + -149. Suppose -o*w + 0*w - 209 = -5*l, -5*l - 3*w = -202. List the prime factors of l.
41
Suppose 45*v + 1256 + 634 = 0. List the prime factors of 188/3*7 - 14/v.
439
Let s = -16 - 4. Let n be s*(-15)/(-6) + 4. List the prime factors of (-6693)/n - 1/2.
5, 29
List the prime factors of 11547 - -14 - (0 + 8).
3, 3851
Let f(k) = -k**3 - 10*k**2 + 2*k - 3. Let r be f(-10). Let v = 53 + r. Suppose 2*u - 168 - v = 0. What are the prime factors of u?
3, 11
Let g = -6839 + 11089. List the prime factors of g.
2, 5, 17
Suppose n + 6 = 4*n. Let p be (0 - 0 - n) + -5 + 39. Suppose 8 = -6*m + p. What are the prime factors of m?
2
Let j be 2/9 - (-1334)/(-414). List the prime factors of 4/24 + (-3921)/54*j.
2, 109
Let w(b) be the second derivative of 5*b**3/6 - 19*b**2 - 26*b. Let d be w(9). Suppose 92 = d*u - 6*u. List the prime factors of u.
2, 23
Let s(k) = 3*k + 35. Let i be s(-10). Suppose -5*h + i = -20. Suppose -3*u + 6*u + 909 = h*x, -x + u = -183. What are the prime factors of x?
2, 3, 5
Let z(d) = 7*d**3 - 15*d**2 + 50*d + 51. List the prime factors of z(18).
3, 5, 23, 107
Suppose -64909 = -14*v + 16669. List the prime factors of v.
5827
Let d(z) = 50812*z**2 + 23*z - 14. List the prime factors of d(1).
50821
Let k(i) = -i**2 + 74*i + 335. List the prime factors of k(33).
2, 211
Suppose 0 = 163*b - 155*b + 88. Let a(x) = 4*x + 4. Let c be a(3). List the prime factors of (-1135)/b + (c/(-22))/4.
103
Let b(d) = -5018*d + 157. List the prime factors of b(-1).
3, 5, 23
Suppose -8*o + 1965 = -3*o. Suppose -6*m = -951 - o. List the prime factors of m.
2, 7
Let z(s) = -s**3 + 34*s**2 - 23*s - 1552. What are the prime factors of z(27)?
2, 5, 293
Let r(f) = -6*f**3 - 16*f**2 + 6*f - 57. List the prime factors of r(-15).
3, 5501
Let i = -5033 + 5108. Suppose -5*v + 114 = 9. Let o = i + v. What are the prime factors of o?
2, 3
Suppose -12*d + 25346 - 14201 = -49167. What are the prime factors of d?
2, 7, 359
Let b(z) = 777*z - 163. Let j be b(5). Suppose -5*o = -p - j, -5*o + 4*p - p + 3716 = 0. List the prime factors of o.
5, 149
Suppose 6*f - 52015 + 11841 = 20288. List the prime factors of f.
3, 3359
Let i = 55 + -49. Suppose -i*s - 36 + 0 = 0. Let w = 159 + s. List the prime factors of w.
3, 17
Let y(i) be the second derivative of 43*i**4/12 + 9*i**3 - 3*i**2/2 - 8*i + 10. List the prime factors of y(-5).
2, 401
Let t(m) = 5*m - 11. Let r be t(7). List the prime factors of (292/r - -6) + (-3)/18.
2, 3
Let u(t) = t**2 + 16*t - 20. Let z be u(-17). Let w be 1 + (z - 0) + 2. Suppose 5*d - 127 - 128 = w. List the prime factors of d.
3, 17
Let t(u) = 8*u + 6*u + 6*u - u. Let h be t(2). Suppose -b - h = -3*g - 138, 0 = 3*b + 3*g - 336. What are the prime factors of b?
109
Let i be (-279)/(-6) + (-3)/(-2). Let y(d) = -37*d - 42 + i - 43. What are the prime factors of y(-4)?
3, 37
List the prime factors of (-15 + -34 + 48)*5*(-29622)/2.
3, 5, 4937
Suppose 5*f + 2120 = 5*a, 75*a - 71*a - 5*f - 1700 = 0. List the prime factors of a.
2, 3, 5, 7
Let i = 4510 + -2432. List the prime factors of i.
2, 1039
Suppose -14*h = 2*h - 96. What are the prime factors of (h/(-10))/(1/(-475))?
3, 5, 19
What are the prime factors of ((-1167)/1556)/((-2)/93432)?
3, 17, 229
Suppose 19768 = 2*t - 2*c, 4*t - 19*c - 39544 = -17*c. List the prime factors of t.
2, 3, 103
Let t(z) = -z**2 - 32*z - 80. Let u be t(-29). Suppose -486 = -b + i, -u*i = -3*i + 8. List the prime factors of b.
2, 11
Suppose -10*c = -8*c - 2422. Suppose 5*d - t = 2*d + c, -d = t - 409. What are the prime factors of d?
3, 5
Let q(w) = -19 + 7*w + 6*w - 5*w + 56*w**3 - w**2 + 15. List the prime factors of q(2).
2, 3, 19
Suppose 5*l - 2*x = 43054, -7*x = 5*l - 3433 - 39603. What are the prime factors of l?
2, 3, 5, 7, 41
Let s be (2 + -6 + 5)*(21 + 1). Let p(o) = s + 7 + 8*o + 2*o - o**3 + o - 11*o**2. List the prime f